{"id":2,"date":"2011-05-15T04:34:38","date_gmt":"2011-05-15T04:34:38","guid":{"rendered":"http:\/\/deko4seasons.com\/?page_id=2"},"modified":"2026-03-16T02:03:21","modified_gmt":"2026-03-16T01:03:21","slug":"blumen","status":"publish","type":"page","link":"https:\/\/deko4seasons.com\/?page_id=2","title":{"rendered":"Blumen"},"content":{"rendered":"\n<p>Auf dieser Seite finden Sie eine kleine Auswahl an Blumen und Gestecken f\u00fcr verschiedene Anl\u00e4sse oder als Geschenk.<br>Bitte <strong>klicken <\/strong>Sie auf das <strong>Foto<\/strong>, um die Galerie zu \u00f6ffnen! <\/p>\n\n\nngg_shortcode_0_placeholder\n","protected":false},"excerpt":{"rendered":"<p>Auf dieser Seite finden Sie eine kleine Auswahl an Blumen und Gestecken f\u00fcr verschiedene Anl\u00e4sse oder als Geschenk.Bitte klicken Sie auf das Foto, um die Galerie zu \u00f6ffnen!<\/p>\n","protected":false},"author":1,"featured_media":1256,"parent":0,"menu_order":1,"comment_status":"closed","ping_status":"closed","template":"","meta":{"ngg_post_thumbnail":0,"_kad_post_transparent":"","_kad_post_title":"","_kad_post_layout":"","_kad_post_sidebar_id":"","_kad_post_content_style":"","_kad_post_vertical_padding":"","_kad_post_feature":"","_kad_post_feature_position":"","_kad_post_header":false,"_kad_post_footer":false,"_kad_post_classname":"","footnotes":""},"class_list":["post-2","page","type-page","status-publish","has-post-thumbnail","hentry"],"yoast_head":"<!-- This site is optimized with the Yoast SEO plugin v27.1.1 - https:\/\/yoast.com\/product\/yoast-seo-wordpress\/ -->\n<title>Blumen -<\/title>\n<meta name=\"robots\" content=\"index, follow, max-snippet:-1, max-image-preview:large, max-video-preview:-1\" \/>\n<link rel=\"canonical\" href=\"https:\/\/deko4seasons.com\/?page_id=2\" \/>\n<meta property=\"og:locale\" content=\"de_DE\" \/>\n<meta property=\"og:type\" content=\"article\" \/>\n<meta property=\"og:title\" content=\"Blumen -\" \/>\n<meta property=\"og:description\" content=\"Auf dieser Seite finden Sie eine kleine Auswahl an Blumen und Gestecken f\u00fcr verschiedene Anl\u00e4sse oder als Geschenk.Bitte klicken Sie auf das Foto, um die Galerie zu \u00f6ffnen!\" \/>\n<meta property=\"og:url\" content=\"https:\/\/deko4seasons.com\/?page_id=2\" \/>\n<meta property=\"article:modified_time\" content=\"2026-03-16T01:03:21+00:00\" \/>\n<meta name=\"twitter:label1\" content=\"Gesch\u00e4tzte Lesezeit\" \/>\n\t<meta name=\"twitter:data1\" content=\"1\u00a0Minute\" \/>\n<script type=\"application\/ld+json\" class=\"yoast-schema-graph\">{\"@context\":\"https:\/\/schema.org\",\"@graph\":[{\"@type\":\"WebPage\",\"@id\":\"https:\/\/deko4seasons.com\/?page_id=2\",\"url\":\"https:\/\/deko4seasons.com\/?page_id=2\",\"name\":\"Blumen -\",\"isPartOf\":{\"@id\":\"https:\/\/deko4seasons.com\/#website\"},\"primaryImageOfPage\":{\"@id\":\"https:\/\/deko4seasons.com\/?page_id=2#primaryimage\"},\"image\":{\"@id\":\"https:\/\/deko4seasons.com\/?page_id=2#primaryimage\"},\"thumbnailUrl\":\"https:\/\/deko4seasons.com\/wp-content\/uploads\/2016\/02\/Flyerxs.jpg\",\"datePublished\":\"2011-05-15T04:34:38+00:00\",\"dateModified\":\"2026-03-16T01:03:21+00:00\",\"breadcrumb\":{\"@id\":\"https:\/\/deko4seasons.com\/?page_id=2#breadcrumb\"},\"inLanguage\":\"de\",\"potentialAction\":[{\"@type\":\"ReadAction\",\"target\":[\"https:\/\/deko4seasons.com\/?page_id=2\"]}]},{\"@type\":\"ImageObject\",\"inLanguage\":\"de\",\"@id\":\"https:\/\/deko4seasons.com\/?page_id=2#primaryimage\",\"url\":\"https:\/\/deko4seasons.com\/wp-content\/uploads\/2016\/02\/Flyerxs.jpg\",\"contentUrl\":\"https:\/\/deko4seasons.com\/wp-content\/uploads\/2016\/02\/Flyerxs.jpg\",\"width\":580,\"height\":320},{\"@type\":\"BreadcrumbList\",\"@id\":\"https:\/\/deko4seasons.com\/?page_id=2#breadcrumb\",\"itemListElement\":[{\"@type\":\"ListItem\",\"position\":1,\"name\":\"Start\",\"item\":\"https:\/\/deko4seasons.com\/\"},{\"@type\":\"ListItem\",\"position\":2,\"name\":\"Blumen\"}]},{\"@type\":\"WebSite\",\"@id\":\"https:\/\/deko4seasons.com\/#website\",\"url\":\"https:\/\/deko4seasons.com\/\",\"name\":\"\",\"description\":\"\",\"potentialAction\":[{\"@type\":\"SearchAction\",\"target\":{\"@type\":\"EntryPoint\",\"urlTemplate\":\"https:\/\/deko4seasons.com\/?s={search_term_string}\"},\"query-input\":{\"@type\":\"PropertyValueSpecification\",\"valueRequired\":true,\"valueName\":\"search_term_string\"}}],\"inLanguage\":\"de\"}]}<\/script>\n<!-- \/ Yoast SEO plugin. -->","yoast_head_json":{"title":"Blumen -","robots":{"index":"index","follow":"follow","max-snippet":"max-snippet:-1","max-image-preview":"max-image-preview:large","max-video-preview":"max-video-preview:-1"},"canonical":"https:\/\/deko4seasons.com\/?page_id=2","og_locale":"de_DE","og_type":"article","og_title":"Blumen -","og_description":"Auf dieser Seite finden Sie eine kleine Auswahl an Blumen und Gestecken f\u00fcr verschiedene Anl\u00e4sse oder als Geschenk.Bitte klicken Sie auf das Foto, um die Galerie zu \u00f6ffnen!","og_url":"https:\/\/deko4seasons.com\/?page_id=2","article_modified_time":"2026-03-16T01:03:21+00:00","twitter_misc":{"Gesch\u00e4tzte Lesezeit":"1\u00a0Minute"},"schema":{"@context":"https:\/\/schema.org","@graph":[{"@type":"WebPage","@id":"https:\/\/deko4seasons.com\/?page_id=2","url":"https:\/\/deko4seasons.com\/?page_id=2","name":"Blumen -","isPartOf":{"@id":"https:\/\/deko4seasons.com\/#website"},"primaryImageOfPage":{"@id":"https:\/\/deko4seasons.com\/?page_id=2#primaryimage"},"image":{"@id":"https:\/\/deko4seasons.com\/?page_id=2#primaryimage"},"thumbnailUrl":"https:\/\/deko4seasons.com\/wp-content\/uploads\/2016\/02\/Flyerxs.jpg","datePublished":"2011-05-15T04:34:38+00:00","dateModified":"2026-03-16T01:03:21+00:00","breadcrumb":{"@id":"https:\/\/deko4seasons.com\/?page_id=2#breadcrumb"},"inLanguage":"de","potentialAction":[{"@type":"ReadAction","target":["https:\/\/deko4seasons.com\/?page_id=2"]}]},{"@type":"ImageObject","inLanguage":"de","@id":"https:\/\/deko4seasons.com\/?page_id=2#primaryimage","url":"https:\/\/deko4seasons.com\/wp-content\/uploads\/2016\/02\/Flyerxs.jpg","contentUrl":"https:\/\/deko4seasons.com\/wp-content\/uploads\/2016\/02\/Flyerxs.jpg","width":580,"height":320},{"@type":"BreadcrumbList","@id":"https:\/\/deko4seasons.com\/?page_id=2#breadcrumb","itemListElement":[{"@type":"ListItem","position":1,"name":"Start","item":"https:\/\/deko4seasons.com\/"},{"@type":"ListItem","position":2,"name":"Blumen"}]},{"@type":"WebSite","@id":"https:\/\/deko4seasons.com\/#website","url":"https:\/\/deko4seasons.com\/","name":"","description":"","potentialAction":[{"@type":"SearchAction","target":{"@type":"EntryPoint","urlTemplate":"https:\/\/deko4seasons.com\/?s={search_term_string}"},"query-input":{"@type":"PropertyValueSpecification","valueRequired":true,"valueName":"search_term_string"}}],"inLanguage":"de"}]}},"_links":{"self":[{"href":"https:\/\/deko4seasons.com\/index.php?rest_route=\/wp\/v2\/pages\/2","targetHints":{"allow":["GET"]}}],"collection":[{"href":"https:\/\/deko4seasons.com\/index.php?rest_route=\/wp\/v2\/pages"}],"about":[{"href":"https:\/\/deko4seasons.com\/index.php?rest_route=\/wp\/v2\/types\/page"}],"author":[{"embeddable":true,"href":"https:\/\/deko4seasons.com\/index.php?rest_route=\/wp\/v2\/users\/1"}],"replies":[{"embeddable":true,"href":"https:\/\/deko4seasons.com\/index.php?rest_route=%2Fwp%2Fv2%2Fcomments&post=2"}],"version-history":[{"count":51,"href":"https:\/\/deko4seasons.com\/index.php?rest_route=\/wp\/v2\/pages\/2\/revisions"}],"predecessor-version":[{"id":2729,"href":"https:\/\/deko4seasons.com\/index.php?rest_route=\/wp\/v2\/pages\/2\/revisions\/2729"}],"wp:featuredmedia":[{"embeddable":true,"href":"https:\/\/deko4seasons.com\/index.php?rest_route=\/wp\/v2\/media\/1256"}],"wp:attachment":[{"href":"https:\/\/deko4seasons.com\/index.php?rest_route=%2Fwp%2Fv2%2Fmedia&parent=2"}],"curies":[{"name":"wp","href":"https:\/\/api.w.org\/{rel}","templated":true}]}}