{"id":231,"date":"2011-05-19T20:50:28","date_gmt":"2011-05-19T20:50:28","guid":{"rendered":"http:\/\/deko4seasons.com\/?page_id=231"},"modified":"2016-04-25T22:30:48","modified_gmt":"2016-04-25T21:30:48","slug":"events","status":"publish","type":"page","link":"https:\/\/deko4seasons.com\/?page_id=231","title":{"rendered":"Events"},"content":{"rendered":"<p>Ob Hochzeit, Konfirmation, Geburtstag ich berate Sie gerne in einem pers\u00f6nlichen Gespr\u00e4ch \u00fcber die verschiedenen Deko-M\u00f6glichkeiten.<\/p>\n<p>Das etwas andere Geburtstagsgeschenk ist der &#8222;4seasons Gutschein&#8220; oder ein &#8222;4seasons Geschenkekorb&#8220;.<\/p>\n<p><a href=\"mailto:events@deko4seasons.com?subject=Event-Anfrage\">Fragen Sie mich gerne an!<\/a><\/p>\n","protected":false},"excerpt":{"rendered":"<p>Ob Hochzeit, Konfirmation, Geburtstag ich berate Sie gerne in einem pers\u00f6nlichen Gespr\u00e4ch \u00fcber die verschiedenen Deko-M\u00f6glichkeiten. Das etwas andere Geburtstagsgeschenk ist der &#8222;4seasons Gutschein&#8220; oder ein &#8222;4seasons Geschenkekorb&#8220;. Fragen Sie mich gerne an!<\/p>\n","protected":false},"author":1,"featured_media":0,"parent":0,"menu_order":0,"comment_status":"open","ping_status":"open","template":"","meta":{"ngg_post_thumbnail":0,"_kad_post_transparent":"","_kad_post_title":"","_kad_post_layout":"","_kad_post_sidebar_id":"","_kad_post_content_style":"","_kad_post_vertical_padding":"","_kad_post_feature":"","_kad_post_feature_position":"","_kad_post_header":false,"_kad_post_footer":false,"_kad_post_classname":"","footnotes":""},"class_list":["post-231","page","type-page","status-publish","hentry"],"yoast_head":"<!-- This site is optimized with the Yoast SEO plugin v27.1.1 - https:\/\/yoast.com\/product\/yoast-seo-wordpress\/ -->\n<title>Events -<\/title>\n<meta name=\"robots\" content=\"index, follow, max-snippet:-1, max-image-preview:large, max-video-preview:-1\" \/>\n<link rel=\"canonical\" href=\"https:\/\/deko4seasons.com\/?page_id=231\" \/>\n<meta property=\"og:locale\" content=\"de_DE\" \/>\n<meta property=\"og:type\" content=\"article\" \/>\n<meta property=\"og:title\" content=\"Events -\" \/>\n<meta property=\"og:description\" content=\"Ob Hochzeit, Konfirmation, Geburtstag ich berate Sie gerne in einem pers\u00f6nlichen Gespr\u00e4ch \u00fcber die verschiedenen Deko-M\u00f6glichkeiten. Das etwas andere Geburtstagsgeschenk ist der &#8222;4seasons Gutschein&#8220; oder ein &#8222;4seasons Geschenkekorb&#8220;. Fragen Sie mich gerne an!\" \/>\n<meta property=\"og:url\" content=\"https:\/\/deko4seasons.com\/?page_id=231\" \/>\n<meta property=\"article:modified_time\" content=\"2016-04-25T21:30:48+00:00\" \/>\n<script type=\"application\/ld+json\" class=\"yoast-schema-graph\">{\"@context\":\"https:\/\/schema.org\",\"@graph\":[{\"@type\":\"WebPage\",\"@id\":\"https:\/\/deko4seasons.com\/?page_id=231\",\"url\":\"https:\/\/deko4seasons.com\/?page_id=231\",\"name\":\"Events -\",\"isPartOf\":{\"@id\":\"https:\/\/deko4seasons.com\/#website\"},\"datePublished\":\"2011-05-19T20:50:28+00:00\",\"dateModified\":\"2016-04-25T21:30:48+00:00\",\"breadcrumb\":{\"@id\":\"https:\/\/deko4seasons.com\/?page_id=231#breadcrumb\"},\"inLanguage\":\"de\",\"potentialAction\":[{\"@type\":\"ReadAction\",\"target\":[\"https:\/\/deko4seasons.com\/?page_id=231\"]}]},{\"@type\":\"BreadcrumbList\",\"@id\":\"https:\/\/deko4seasons.com\/?page_id=231#breadcrumb\",\"itemListElement\":[{\"@type\":\"ListItem\",\"position\":1,\"name\":\"Start\",\"item\":\"https:\/\/deko4seasons.com\/\"},{\"@type\":\"ListItem\",\"position\":2,\"name\":\"Events\"}]},{\"@type\":\"WebSite\",\"@id\":\"https:\/\/deko4seasons.com\/#website\",\"url\":\"https:\/\/deko4seasons.com\/\",\"name\":\"\",\"description\":\"\",\"potentialAction\":[{\"@type\":\"SearchAction\",\"target\":{\"@type\":\"EntryPoint\",\"urlTemplate\":\"https:\/\/deko4seasons.com\/?s={search_term_string}\"},\"query-input\":{\"@type\":\"PropertyValueSpecification\",\"valueRequired\":true,\"valueName\":\"search_term_string\"}}],\"inLanguage\":\"de\"}]}<\/script>\n<!-- \/ Yoast SEO plugin. -->","yoast_head_json":{"title":"Events -","robots":{"index":"index","follow":"follow","max-snippet":"max-snippet:-1","max-image-preview":"max-image-preview:large","max-video-preview":"max-video-preview:-1"},"canonical":"https:\/\/deko4seasons.com\/?page_id=231","og_locale":"de_DE","og_type":"article","og_title":"Events -","og_description":"Ob Hochzeit, Konfirmation, Geburtstag ich berate Sie gerne in einem pers\u00f6nlichen Gespr\u00e4ch \u00fcber die verschiedenen Deko-M\u00f6glichkeiten. Das etwas andere Geburtstagsgeschenk ist der &#8222;4seasons Gutschein&#8220; oder ein &#8222;4seasons Geschenkekorb&#8220;. Fragen Sie mich gerne an!","og_url":"https:\/\/deko4seasons.com\/?page_id=231","article_modified_time":"2016-04-25T21:30:48+00:00","schema":{"@context":"https:\/\/schema.org","@graph":[{"@type":"WebPage","@id":"https:\/\/deko4seasons.com\/?page_id=231","url":"https:\/\/deko4seasons.com\/?page_id=231","name":"Events -","isPartOf":{"@id":"https:\/\/deko4seasons.com\/#website"},"datePublished":"2011-05-19T20:50:28+00:00","dateModified":"2016-04-25T21:30:48+00:00","breadcrumb":{"@id":"https:\/\/deko4seasons.com\/?page_id=231#breadcrumb"},"inLanguage":"de","potentialAction":[{"@type":"ReadAction","target":["https:\/\/deko4seasons.com\/?page_id=231"]}]},{"@type":"BreadcrumbList","@id":"https:\/\/deko4seasons.com\/?page_id=231#breadcrumb","itemListElement":[{"@type":"ListItem","position":1,"name":"Start","item":"https:\/\/deko4seasons.com\/"},{"@type":"ListItem","position":2,"name":"Events"}]},{"@type":"WebSite","@id":"https:\/\/deko4seasons.com\/#website","url":"https:\/\/deko4seasons.com\/","name":"","description":"","potentialAction":[{"@type":"SearchAction","target":{"@type":"EntryPoint","urlTemplate":"https:\/\/deko4seasons.com\/?s={search_term_string}"},"query-input":{"@type":"PropertyValueSpecification","valueRequired":true,"valueName":"search_term_string"}}],"inLanguage":"de"}]}},"_links":{"self":[{"href":"https:\/\/deko4seasons.com\/index.php?rest_route=\/wp\/v2\/pages\/231","targetHints":{"allow":["GET"]}}],"collection":[{"href":"https:\/\/deko4seasons.com\/index.php?rest_route=\/wp\/v2\/pages"}],"about":[{"href":"https:\/\/deko4seasons.com\/index.php?rest_route=\/wp\/v2\/types\/page"}],"author":[{"embeddable":true,"href":"https:\/\/deko4seasons.com\/index.php?rest_route=\/wp\/v2\/users\/1"}],"replies":[{"embeddable":true,"href":"https:\/\/deko4seasons.com\/index.php?rest_route=%2Fwp%2Fv2%2Fcomments&post=231"}],"version-history":[{"count":17,"href":"https:\/\/deko4seasons.com\/index.php?rest_route=\/wp\/v2\/pages\/231\/revisions"}],"predecessor-version":[{"id":1306,"href":"https:\/\/deko4seasons.com\/index.php?rest_route=\/wp\/v2\/pages\/231\/revisions\/1306"}],"wp:attachment":[{"href":"https:\/\/deko4seasons.com\/index.php?rest_route=%2Fwp%2Fv2%2Fmedia&parent=231"}],"curies":[{"name":"wp","href":"https:\/\/api.w.org\/{rel}","templated":true}]}}